
Let a = 98 - 85. Suppose -15*p = -a*p - 282. What is the units digit of p?
1
Let v be 1 + 3 + -2 - 0. Suppose 2*c + v*f = 4, 5 = -2*c - 5*f + 3. What is the units digit of c?
4
Let p be 1 + (-12)/(-3) + -2. Suppose 0 = 4*v - 4*k - 4 - 12, 19 = v + 4*k. Suppose -40 = p*b - v*b. What is the tens digit of b?
1
Suppose y = 4*o - 5*o + 290, -3*y - 4*o = -871. What is the tens digit of y?
8
What is the thousands digit of (-5)/20 + 4101/4?
1
Let j(g) = -g**2 - 5*g - 1. Let z be j(-2). What is the units digit of z*(-3)/3 + 140?
5
Let m be ((-6)/5)/((-6)/20). Suppose 2*c + m*c - 252 = 0. What is the tens digit of c?
4
Suppose 185 - 69 = 2*q. Let a = q - -8. What is the tens digit of a?
6
Let y = 24 - 21. Suppose y*p + 4*g = 23, -p + 11 = 4*g - 2. Suppose -114 + 344 = p*x. What is the units digit of x?
6
Suppose 3*r - 4*o = -0*o + 234, -4*r + 312 = -4*o. Suppose -a - 2*a + r = 0. Suppose -90 = -3*v - l - 2*l, v - a = -2*l. What is the units digit of v?
4
Let s(l) = -7*l**3 + 23*l**2 + 26*l - 1. Let d(w) = 3*w**3 - 11*w**2 - 13*w + 1. Let t(h) = -5*d(h) - 2*s(h). What is the units digit of t(10)?
7
Suppose 0 = -3*q - 0 - 3. Let b(p) be the first derivative of 14*p**3/3 + p + 136. What is the units digit of b(q)?
5
Suppose -3*s + 12 = 5*k - 3, 5*s - 25 = 3*k. Suppose k = -11*c + 7*c + 192. What is the units digit of c?
8
Let x(n) = -2*n**2 + 1 - 2*n + 3*n + 21*n**2. What is the units digit of x(-2)?
5
Let l = 997 - 63. What is the hundreds digit of l?
9
Let p = -36 + 27. Let c(v) = -3*v - 22. Let s be c(p). Suppose 0*g = -5*g - s*z + 85, 0 = 3*g + 5*z - 47. What is the units digit of g?
9
What is the tens digit of 206 + -18 + (-1)/(1/5)?
8
Let f be (84 - 4)/((-3)/(-48)). What is the tens digit of (-42)/231 + f/22?
5
What is the hundreds digit of 1/(-4) - 103224/(-96)?
0
Let f = -308 + 799. What is the units digit of f?
1
Let w(r) = 12 + 8*r + 17*r + 10. What is the units digit of w(6)?
2
Let i(c) = 4*c + 7. Let x be ((-20)/(-6))/((-6)/9). Let j(d) = -d**2 - 6*d + 2. Let n be j(x). What is the units digit of i(n)?
5
Suppose 0 = 4*f + 10 + 34. Let h = 11 + f. Let j(i) = i**3 + i**2 + i + 11. What is the units digit of j(h)?
1
Suppose -2*h - 313 = 5*w - 1688, 3*w - 5*h = 856. What is the tens digit of w?
7
Suppose -5*g - 15 = 0, 371 = 5*h + 2*g - 3678. Suppose 5*w - 4*p = 799, 5*w - h = -0*w + p. What is the units digit of w?
3
Let r(q) = -q**2 + 42*q + 86. What is the hundreds digit of r(25)?
5
Suppose 0 = 5*a - 15 - 0. Suppose a*j - 212 = -j. What is the tens digit of j?
5
Let s = -308 - -442. Suppose -3*r + s = 5*i - 126, -2*i + 85 = r. What is the units digit of r?
5
Suppose 33*a = 13*a + 96260. What is the hundreds digit of a?
8
What is the units digit of ((-150690)/(-90))/(4/3 + -1)?
3
Let i be -4 - (-26 - (7 - 4)). Let x = i - 29. What is the tens digit of 18*(2/x + 3)?
4
Let o(a) be the first derivative of -23*a**2/2 - 12*a - 9. What is the tens digit of o(-5)?
0
Let i(m) = 2583*m**2 + 6*m + 6. What is the hundreds digit of i(-1)?
5
Let j(k) = 4*k**2 - 9*k**2 + 6 - 8*k + 4*k**2 + 5. Let z be j(-7). What is the tens digit of ((-25)/(-5))/(2/z)?
4
Suppose -4*v + 1985 = -591. What is the hundreds digit of v?
6
Let k = 1 + 0. Suppose 4*a - 67 + 227 = 0. Let i = k - a. What is the units digit of i?
1
Let m = 38 - 64. Let x = m - -41. What is the tens digit of x?
1
Suppose -17*t - 22474 = -62781. What is the tens digit of t?
7
What is the tens digit of (-331)/2*-3*10/15?
3
Let k(o) = 506*o**2 - 6*o + 34. What is the thousands digit of k(3)?
4
Let l(z) = z**3 - 2*z**2 - 6*z + 4. Let o be l(4). Let s(f) = -f**3 + 11*f**2 + 13*f + 13. What is the units digit of s(o)?
5
Let i be (-126)/(-26) - 2*3/(-39). Suppose -i*n - 2*j + 52 + 79 = 0, 0 = n + 2*j - 23. What is the units digit of n?
7
Let h = 1014 + -405. What is the units digit of h?
9
Let n = -24 + 112. What is the units digit of (2 - 4/(-4)) + n?
1
Let r(j) be the first derivative of j**3/3 + 15*j**2/2 - 7*j + 8. What is the units digit of r(-19)?
9
Let g be 1 + (-8)/(-3 - -1). Suppose 32*j + 0 - 160 = 0. Let w = g + j. What is the tens digit of w?
1
Let b = -42 - -51. What is the units digit of b?
9
Let m be 1*82*3/(-2). Let g = -55 - m. What is the tens digit of g?
6
Suppose -7*q + 11*q = 0. Suppose q = 6*z - z - 225. What is the units digit of z?
5
Suppose 8*t + 563 = 3779. What is the hundreds digit of t?
4
Let i be (-1095)/(-20) - 4/(-16). Let p = 14 + i. What is the tens digit of p?
6
Let k = 8139 - 5273. What is the hundreds digit of k?
8
Let t(i) = 20*i**2 - 13*i + 50. What is the hundreds digit of t(4)?
3
Suppose l + 3*l = h + 1046, h + 2 = 0. What is the units digit of l?
1
What is the tens digit of 35/(-7) - -482 - 6?
7
Suppose -4*o = 7 - 23. Suppose -12 = 2*g - o*g. What is the units digit of g/12 - 18/(-4)?
5
Let w(t) = t - 1. Let x(p) = p**2 - 3*p - 13. Let n(a) = 5*w(a) + x(a). Suppose 0 = -0*f - 5*f + 40. What is the tens digit of n(f)?
6
Let x = -1170 - -1662. What is the tens digit of x?
9
Suppose 146 = 4*a - 3*a. Suppose -34 = -2*u + a. Suppose -3*p - u = -8*p. What is the units digit of p?
8
Let q(k) = -k**2 + 2. Let p be q(0). Suppose -r = -p*w + 222, 0 = -4*w - 4*r + 225 + 243. What is the hundreds digit of w?
1
Suppose -2*u = -4*u + 6. Suppose -7*z = -u*z - 28. What is the units digit of z?
7
Suppose 4*p = 3*l - 78, 5*l = l - 3*p + 104. Let s be l + 3 + 2 + 1. Suppose -2*v = -6*v + s. What is the units digit of v?
8
Suppose 30*s - 8260 = 10*s. What is the units digit of s?
3
Let y(x) = -69*x - 23. Let l(s) = -1. Let k(z) = 23*l(z) - y(z). What is the tens digit of k(2)?
3
Let k(p) be the second derivative of p**3/6 - p**2 - 9*p. Let q be k(0). Let n = 7 - q. What is the units digit of n?
9
Let w be 2*(21/9 + 4/(-12)). Suppose 4*d - 5*f + 273 = 7*d, -d + w*f = -108. What is the units digit of d?
6
Let d = 71 + -66. Suppose -10*f + d*f = -670. What is the tens digit of f?
3
Suppose 4*l - 1990 - 901 = -n, 5*n + 2*l - 14419 = 0. What is the units digit of n?
3
Let k be ((-27)/3)/((-9)/6). Let b = 7 - k. What is the units digit of -9*(10/(-3) + b)?
1
Let m(w) = 72*w + 80. What is the tens digit of m(7)?
8
Let n be 8/(-2) - (-14 + 8). Let w(t) = 5*t**2 - 5*t + 1. What is the tens digit of w(n)?
1
Let v = 49 + -47. Suppose -400 = -4*d - v*r - 2*r, -5*d - 4*r = -501. What is the tens digit of d?
0
Let l(i) = i**3 + 5*i**2 - 8*i - 8. Let p be l(-6). Let z be (-3 - (-10)/1) + -2. Suppose 2*t = 10*n - z*n - 23, 4*n + p*t = 24. What is the units digit of n?
5
Let l be 2 + (-1 - -16) + 3. Suppose -4*z = -2*b + l, -2*b - 5*z + 1 - 17 = 0. Suppose 21 = b*i - n, 2*n - 15 = -2*i + 9. What is the units digit of i?
1
Suppose 5208 = 5*o - 5262. What is the units digit of o?
4
Let u = 3706 + -1978. What is the tens digit of u?
2
Suppose -52 = -b - 165. Let p = 29 - b. Let t = p - 93. What is the units digit of t?
9
Suppose 3*d - 33 = 45. Suppose -t = t - d. Suppose 0 = -7*l + t*l - 60. What is the units digit of l?
0
Let h = 26 + -32. What is the units digit of (-5 - h)/(((-2)/(-38))/1)?
9
Suppose 0*g = -g + 2. Let h be g/(-3)*(-6 + 3). Suppose 3*t = -0*t + 5*i + 19, -h*t + 2*i = -10. What is the units digit of t?
3
Let l = 23 - 24. Let g(q) = -11*q + 2. Let n be g(l). Let m = n + -12. What is the units digit of m?
1
Suppose -10*u + 19 = -31. Suppose -8*x + u*x + 15 = 0. What is the units digit of x?
5
Let v(w) = w**2 - 23*w - 15. What is the hundreds digit of v(33)?
3
What is the hundreds digit of 4*(-1)/(-44) - 13639/(-11)?
2
Let o(q) = 6*q**3 - 5*q**2 - 2*q - 3. Let p be o(5). Suppose 2*k + 2*k = p. Suppose -5*w - 28 = -k. What is the units digit of w?
5
Suppose 3*q + 44 + 43 = 0. Let m = -27 - q. What is the units digit of m?
2
Suppose -12 = 2*v - v. Let u be (v/16)/(1/(-280)). Suppose w + u = 7*w. What is the units digit of w?
5
Let k(g) = 48*g - 2. Let o be k(2). Let s be (2/6*-6)/((-4)/14). Suppose s*a - 9*a = -o. What is the tens digit of a?
4
Let o(x) = -7 + 5*x + 2*x - x**2 - 2*x + 4*x. What is the tens digit of o(5)?
1
Let o = 4579 + -3241. What is the units digit of o?
8
Let y = 186 + -180. What is the units digit of y?
6
Let x = 293 + 173. What is the hundreds digit of x?
4
Let n = 3 - -3. Let x(k) = -5 + 23*k**2 - 11*k**2 - 11*k**2. What is the tens digit of x(n)?
3
Let f(a) = -10*a*